{"id":4263,"date":"2022-05-18T23:47:07","date_gmt":"2022-05-18T23:47:07","guid":{"rendered":"https:\/\/ilyasarslanhair.com\/faq-items\/combien-de-temps-faut-il-pour-que-les-cheveux-transplantes-poussent\/"},"modified":"2022-07-25T19:19:46","modified_gmt":"2022-07-25T19:19:46","slug":"combien-de-temps-faut-il-pour-que-les-cheveux-transplantes-poussent","status":"publish","type":"avada_faq","link":"https:\/\/ilyasarslanhair.com\/fr\/faq-items\/combien-de-temps-faut-il-pour-que-les-cheveux-transplantes-poussent\/","title":{"rendered":"Combien de temps faut-il pour que les cheveux transplant\u00e9s poussent ?"},"content":{"rendered":"<p><span style=\"font-weight: 400;\">Il faut compter 3 mois pour que les cheveux transplant\u00e9s apr\u00e8s la greffe commencent \u00e0 pousser de fa\u00e7on permanente. 6. Le changement est perceptible d&rsquo;un mois \u00e0 l&rsquo;autre, et un r\u00e9sultat naturel et volumineux est obtenu en 10-12 mois.<\/span><\/p>\n","protected":false},"excerpt":{"rendered":"<p>Il faut compter 3 mois pour que les cheveux transplant\u00e9s [&hellip;]<\/p>\n","protected":false},"author":1,"featured_media":0,"menu_order":0,"comment_status":"open","ping_status":"closed","template":"","format":"standard","meta":{"footnotes":""},"faq_category":[105],"class_list":["post-4263","avada_faq","type-avada_faq","status-publish","format-standard","hentry","faq_category-transplantation-de-cheveux"],"_links":{"self":[{"href":"https:\/\/ilyasarslanhair.com\/fr\/wp-json\/wp\/v2\/avada_faq\/4263","targetHints":{"allow":["GET"]}}],"collection":[{"href":"https:\/\/ilyasarslanhair.com\/fr\/wp-json\/wp\/v2\/avada_faq"}],"about":[{"href":"https:\/\/ilyasarslanhair.com\/fr\/wp-json\/wp\/v2\/types\/avada_faq"}],"author":[{"embeddable":true,"href":"https:\/\/ilyasarslanhair.com\/fr\/wp-json\/wp\/v2\/users\/1"}],"replies":[{"embeddable":true,"href":"https:\/\/ilyasarslanhair.com\/fr\/wp-json\/wp\/v2\/comments?post=4263"}],"version-history":[{"count":1,"href":"https:\/\/ilyasarslanhair.com\/fr\/wp-json\/wp\/v2\/avada_faq\/4263\/revisions"}],"predecessor-version":[{"id":4271,"href":"https:\/\/ilyasarslanhair.com\/fr\/wp-json\/wp\/v2\/avada_faq\/4263\/revisions\/4271"}],"wp:attachment":[{"href":"https:\/\/ilyasarslanhair.com\/fr\/wp-json\/wp\/v2\/media?parent=4263"}],"wp:term":[{"taxonomy":"faq_category","embeddable":true,"href":"https:\/\/ilyasarslanhair.com\/fr\/wp-json\/wp\/v2\/faq_category?post=4263"}],"curies":[{"name":"wp","href":"https:\/\/api.w.org\/{rel}","templated":true}]}}

Combien de temps faut-il pour que les cheveux transplantés poussent ?

<p><span style="font-weight: 400;">Il faut compter 3 mois pour que les cheveux transplantés après la greffe commencent à pousser de façon permanente. 6. Le changement est perceptible d&rsquo;un mois à l&rsquo;autre, et un résultat naturel et volumineux est obtenu en 10-12 mois.</span></p>

<p>Il faut compter 3 mois pour que les cheveux transplantés [&hellip;]</p>
