{"id":4152,"date":"2022-05-18T23:42:49","date_gmt":"2022-05-18T23:42:49","guid":{"rendered":"https:\/\/ilyasarslanhair.com\/faq-items\/mes-cheveux-existants-seront-ils-endommages\/"},"modified":"2022-07-25T19:19:34","modified_gmt":"2022-07-25T19:19:34","slug":"mes-cheveux-existants-seront-ils-endommages","status":"publish","type":"avada_faq","link":"https:\/\/ilyasarslanhair.com\/fr\/faq-items\/mes-cheveux-existants-seront-ils-endommages\/","title":{"rendered":"Mes cheveux existants seront-ils endommag\u00e9s ?"},"content":{"rendered":"<p><span style=\"font-weight: 400;\">Le resserrement peut \u00eatre fait sur les cheveux \/ zones clairsem\u00e9es car le canal n&rsquo;est pas ouvert dans la technique DHI. C&rsquo;est la m\u00e9thode qui prot\u00e8ge vos cheveux existants. La m\u00e9thode FUE n&rsquo;est pas utilis\u00e9e dans les zones o\u00f9 il y a des cheveux, il y a un risque \u00e9lev\u00e9 d&rsquo;endommager les racines existantes.<\/span><\/p>\n","protected":false},"excerpt":{"rendered":"<p>Le resserrement peut \u00eatre fait sur les cheveux \/ zones [&hellip;]<\/p>\n","protected":false},"author":1,"featured_media":0,"menu_order":0,"comment_status":"open","ping_status":"closed","template":"","format":"standard","meta":{"footnotes":""},"faq_category":[105],"class_list":["post-4152","avada_faq","type-avada_faq","status-publish","format-standard","hentry","faq_category-transplantation-de-cheveux"],"_links":{"self":[{"href":"https:\/\/ilyasarslanhair.com\/fr\/wp-json\/wp\/v2\/avada_faq\/4152","targetHints":{"allow":["GET"]}}],"collection":[{"href":"https:\/\/ilyasarslanhair.com\/fr\/wp-json\/wp\/v2\/avada_faq"}],"about":[{"href":"https:\/\/ilyasarslanhair.com\/fr\/wp-json\/wp\/v2\/types\/avada_faq"}],"author":[{"embeddable":true,"href":"https:\/\/ilyasarslanhair.com\/fr\/wp-json\/wp\/v2\/users\/1"}],"replies":[{"embeddable":true,"href":"https:\/\/ilyasarslanhair.com\/fr\/wp-json\/wp\/v2\/comments?post=4152"}],"version-history":[{"count":1,"href":"https:\/\/ilyasarslanhair.com\/fr\/wp-json\/wp\/v2\/avada_faq\/4152\/revisions"}],"predecessor-version":[{"id":4158,"href":"https:\/\/ilyasarslanhair.com\/fr\/wp-json\/wp\/v2\/avada_faq\/4152\/revisions\/4158"}],"wp:attachment":[{"href":"https:\/\/ilyasarslanhair.com\/fr\/wp-json\/wp\/v2\/media?parent=4152"}],"wp:term":[{"taxonomy":"faq_category","embeddable":true,"href":"https:\/\/ilyasarslanhair.com\/fr\/wp-json\/wp\/v2\/faq_category?post=4152"}],"curies":[{"name":"wp","href":"https:\/\/api.w.org\/{rel}","templated":true}]}}

Mes cheveux existants seront-ils endommagés ?

<p><span style="font-weight: 400;">Le resserrement peut être fait sur les cheveux / zones clairsemées car le canal n&rsquo;est pas ouvert dans la technique DHI. C&rsquo;est la méthode qui protège vos cheveux existants. La méthode FUE n&rsquo;est pas utilisée dans les zones où il y a des cheveux, il y a un risque élevé d&rsquo;endommager les racines existantes.</span></p>

<p>Le resserrement peut être fait sur les cheveux / zones [&hellip;]</p>
