{"id":4150,"date":"2022-05-18T23:41:45","date_gmt":"2022-05-18T23:41:45","guid":{"rendered":"https:\/\/ilyasarslanhair.com\/faq-items\/la-transplantation-de-cheveux-est-elle-douloureuse\/"},"modified":"2022-07-25T19:19:34","modified_gmt":"2022-07-25T19:19:34","slug":"la-transplantation-de-cheveux-est-elle-douloureuse","status":"publish","type":"avada_faq","link":"https:\/\/ilyasarslanhair.com\/fr\/faq-items\/la-transplantation-de-cheveux-est-elle-douloureuse\/","title":{"rendered":"La transplantation de cheveux est-elle douloureuse ?"},"content":{"rendered":"<p><span style=\"font-weight: 400;\">Le pr\u00e9l\u00e8vement des follicules pileux (greffons) \u00e9tant effectu\u00e9 sous anesth\u00e9sie locale, il s&rsquo;agit de s&rsquo;assurer que le patient ne ressent aucune douleur pendant la transplantation. Mais bien qu&rsquo;une l\u00e9g\u00e8re sensation de pression soit ressentie, cet \u00e9tat ne provoque pas de g\u00eane. De m\u00eame, la phase de r\u00e9cup\u00e9ration est totalement indolore.<\/span><\/p>\n","protected":false},"excerpt":{"rendered":"<p>Le pr\u00e9l\u00e8vement des follicules pileux (greffons) \u00e9tant effectu\u00e9 sous anesth\u00e9sie [&hellip;]<\/p>\n","protected":false},"author":1,"featured_media":0,"menu_order":0,"comment_status":"open","ping_status":"closed","template":"","format":"standard","meta":{"footnotes":""},"faq_category":[105],"class_list":["post-4150","avada_faq","type-avada_faq","status-publish","format-standard","hentry","faq_category-transplantation-de-cheveux"],"_links":{"self":[{"href":"https:\/\/ilyasarslanhair.com\/fr\/wp-json\/wp\/v2\/avada_faq\/4150","targetHints":{"allow":["GET"]}}],"collection":[{"href":"https:\/\/ilyasarslanhair.com\/fr\/wp-json\/wp\/v2\/avada_faq"}],"about":[{"href":"https:\/\/ilyasarslanhair.com\/fr\/wp-json\/wp\/v2\/types\/avada_faq"}],"author":[{"embeddable":true,"href":"https:\/\/ilyasarslanhair.com\/fr\/wp-json\/wp\/v2\/users\/1"}],"replies":[{"embeddable":true,"href":"https:\/\/ilyasarslanhair.com\/fr\/wp-json\/wp\/v2\/comments?post=4150"}],"version-history":[{"count":1,"href":"https:\/\/ilyasarslanhair.com\/fr\/wp-json\/wp\/v2\/avada_faq\/4150\/revisions"}],"predecessor-version":[{"id":4154,"href":"https:\/\/ilyasarslanhair.com\/fr\/wp-json\/wp\/v2\/avada_faq\/4150\/revisions\/4154"}],"wp:attachment":[{"href":"https:\/\/ilyasarslanhair.com\/fr\/wp-json\/wp\/v2\/media?parent=4150"}],"wp:term":[{"taxonomy":"faq_category","embeddable":true,"href":"https:\/\/ilyasarslanhair.com\/fr\/wp-json\/wp\/v2\/faq_category?post=4150"}],"curies":[{"name":"wp","href":"https:\/\/api.w.org\/{rel}","templated":true}]}}

<p><span style="font-weight: 400;">Le prélèvement des follicules pileux (greffons) étant effectué sous anesthésie locale, il s&rsquo;agit de s&rsquo;assurer que le patient ne ressent aucune douleur pendant la transplantation. Mais bien qu&rsquo;une légère sensation de pression soit ressentie, cet état ne provoque pas de gêne. De même, la phase de récupération est totalement indolore.</span></p>

<p>Le prélèvement des follicules pileux (greffons) étant effectué sous anesthésie [&hellip;]</p>
